rime factors of d(25)?
139
Let h = 26 + 32. List the prime factors of h.
2, 29
Suppose i - 2*i = 0. Let w(s) = -s + 4. Let m be w(i). Suppose -54 = -3*j - 5*h + 3*h, 5*j - 92 = -m*h. What are the prime factors of j?
2
What are the prime factors of (56/70)/((-4)/(-450))?
2, 3, 5
Let i(d) = -d + 12. List the prime factors of i(-13).
5
Suppose -q + 6 = 2*g, g - 3*q + 6 = 4*g. Suppose -120 = -l - g*l. List the prime factors of l.
2, 3
Let g be 2 + 0 + 7 + -2. Suppose 3*j = -x + 1, 4*x = j + x - g. Let y = j - -2. What are the prime factors of y?
3
Suppose -13 = -5*v - 3. Suppose v*x = -2*x + 2*w + 12, -12 = -4*x + 4*w. Suppose 0 = 3*r - x*k + 6*k + 6, 5*r + 2*k - 5 = 0. List the prime factors of r.
3
Suppose -2*v = 3*b - 22, 3*v - 2*b = -4*b + 23. Let o = 9 - v. What are the prime factors of o?
2
List the prime factors of (-2)/14 + 1919/7.
2, 137
Let g = 134 + -32. List the prime factors of g.
2, 3, 17
Suppose -4 = -2*o, -5*k - 4*o + 80 = -348. List the prime factors of k.
2, 3, 7
Let u(l) = 3*l**3 + 4*l**2 + 4*l + 3. Let w be u(-2). Let p = w - -18. Suppose -25 = -p*d + 15. List the prime factors of d.
2
Let z = 3 + -6. Suppose 2*b = 2*u + 30, 4*u + 66 = 4*b - 2*b. Let x = z - u. What are the prime factors of x?
3, 5
Suppose -5 = 3*y - 26. Suppose -10 + 9 = -w. Let k = y - w. List the prime factors of k.
2, 3
Suppose 2*c + 310 = 2*d, 4*c - 173 = -2*d + 161. List the prime factors of d.
3, 53
Suppose -r = -5*w - 27, -4*r + 3 = w - 0. Let m(b) be the second derivative of b**4/4 - b**3/2 + 3*b**2/2 - 5*b. What are the prime factors of m(r)?
3
Suppose 4*n = -2*n + 918. What are the prime factors of n?
3, 17
Let o = -2 - 5. Let y be (-2)/o + 828/42. Suppose 3*h - y = h. What are the prime factors of h?
2, 5
Let s = 42 + -27. What are the prime factors of (s/(-25))/(2/(-50))?
3, 5
Suppose -17 = 3*l + 37. Let g = 29 + l. List the prime factors of g.
11
What are the prime factors of (-86)/473 - (-840)/22?
2, 19
What are the prime factors of 4 - (760/(-2))/2?
2, 97
Suppose 6*w + 3*o = 3*w + 636, -w = 4*o - 209. List the prime factors of w.
3, 71
Let l(x) = -12*x - 38. What are the prime factors of l(-12)?
2, 53
Let t = -12 + 17. Suppose 7 = t*j - 8. Suppose 0 = -r + 2*d - 8, 0 = j*r + d + 7 - 18. What are the prime factors of r?
2
Let l = -3 - -3. Suppose -8 = 4*s - 0. What are the prime factors of 3 - (l + s - 1)?
2, 3
Let s = -6 + 12. Let w = s + -4. Suppose i - w*i = -10. List the prime factors of i.
2, 5
Suppose 5*d = 2*d + 138. What are the prime factors of d?
2, 23
Let w(i) = 2*i**2 - 3*i + 8. List the prime factors of w(4).
2, 7
List the prime factors of 208 - 2 - 3/2*2.
7, 29
Let s(a) be the third derivative of -a**5/60 + a**4/3 - 2*a**3/3 + a**2. Let c be s(6). What are the prime factors of (9/3)/(3/c)?
2
Let y = -35 + 80. What are the prime factors of (-4)/10 - (-198)/y?
2
Suppose 0 = g + 5*f + 28, -2*g - 29 = 4*f - 3. Let z(i) = -i**3 - 3*i**2 - 2*i - 2. Let m be z(g). Suppose m*n + 3 - 23 = 0. What are the prime factors of n?
5
Let g(h) = 4*h**2 + h + 4. Let v be g(3). Let p = -14 + v. What are the prime factors of p?
29
Suppose 3*y - 12 + 3 = 0. Let o(s) = -3*s + y - 6 + 2. List the prime factors of o(-3).
2
Let s(a) = -a**3 + 3*a**2 + 6*a - 5. Let v be s(4). Suppose 3*w - 2*o - 21 + 4 = 0, -4*w = -v*o - 21. What are the prime factors of w?
3
Let z = -6 + 4. Let o be z/1*9/2. Let v = o + 13. What are the prime factors of v?
2
Let b = 29 - 16. Suppose 2*u - 38 = -3*z - b, 5*u - 20 = z. Suppose -61 = -4*s - 3*h, -u*h = s - 0 - 11. List the prime factors of s.
2
Let l(n) = 2*n**2 - n. Let o = -4 + 3. Let k be l(o). Suppose 5 + k = j. List the prime factors of j.
2
Let z(y) = 98*y**3 - y**2 + y - 1. List the prime factors of z(1).
97
Let q(i) be the third derivative of i**5/60 + i**4/24 - i**3/6 - 4*i**2. List the prime factors of q(3).
11
Let n(v) = v**3 + 7*v**2 + 8*v + 4. Let p = 20 + -25. List the prime factors of n(p).
2, 7
Let c(v) = 3*v**2 + 5*v - 9. List the prime factors of c(-5).
41
Let q(h) = -2*h - 7. Suppose r = 5*o + 38, 0*r + 3*r = 5*o + 44. Let l be q(o). Let f = 13 - l. What are the prime factors of f?
2, 3
Suppose 2*w - 4*z - 528 - 82 = 0, -4*w + 1231 = 3*z. List the prime factors of w.
307
Let b(n) = n**3 - n**2 - 3*n + 2. Let k be b(2). List the prime factors of -20*(k/3 - 1).
2, 5
Let d = -21 - -11. Let x be (-80)/(-12)*12/d. Let z = -6 - x. What are the prime factors of z?
2
Let l = -3 - -5. Suppose -2*r = -l, 5*z + 4 = 7*r - 3*r. Let t = z + 3. What are the prime factors of t?
3
Let n = -2 + 4. Suppose 0 = -3*a + 4 + n. Suppose 0*v = a*v - 18. What are the prime factors of v?
3
Let x = 4 - 3. Suppose -4*u + t - 7 = 0, -x = 4*u + 2*t - 3. Let d(p) = -9*p**3 - p**2 - p. What are the prime factors of d(u)?
3
Let n(h) be the first derivative of -h**3/3 + 9*h**2/2 - 9*h - 1. List the prime factors of n(7).
5
Suppose 0 = -4*s - 1 + 9. Suppose -4*f + 25 = f. Suppose s*w - f = -1. What are the prime factors of w?
2
Suppose -5*m + 139 + 86 = 0. List the prime factors of m.
3, 5
Let a(x) = -111*x - 33. List the prime factors of a(-3).
2, 3, 5
Suppose 280 = -2*w + 6*w. What are the prime factors of w?
2, 5, 7
Let d be (-54)/(-10) + 10/(-25). Suppose -2*u - d*f = -u - 12, u - 5*f = -8. Suppose 5 = u*m + 13, 4*v = -2*m + 56. List the prime factors of v.
2
Suppose 0 = 3*q - 11 - 4. Let z = -2 - q. Let n(o) = -o + 3. List the prime factors of n(z).
2, 5
Let q = 211 + -75. What are the prime factors of q?
2, 17
Let b(g) = g**3 - g**2 - 3*g - 2. Let q be -2 + -1 - -5 - -2. List the prime factors of b(q).
2, 17
Let x = 29 - 13. Suppose 7*n = 5*n + x. What are the prime factors of (-2)/n - (-265)/20?
13
Let f(j) = j**2 + 2*j - 1. Let o be f(-3). Suppose -o*s + 13 + 1 = 0. Let a(p) = p**2 - 6*p + 3. List the prime factors of a(s).
2, 5
Let s = 91 + -695. Let p be 1/(-3) + s/(-12). Suppose -3*v + 2 = 5*z - p, -v = z - 12. List the prime factors of z.
2
Suppose 0 = 4*a - j + 11, 5 = -4*j + 1. List the prime factors of 3/(a/(-2)) + 1.
3
Let a = 0 + -2. Let q be (-2 + 0)/(1/a). Suppose -5*i + 5*l = -0*i - 10, i = -q*l + 17. What are the prime factors of i?
5
What are the prime factors of 8*(-1 + 0 + 47/2)?
2, 3, 5
Suppose 0 = 3*f - 2*h + 1, -5*f - 4*h = -23 - 12. List the prime factors of (-148)/(-12) + 2/f.
13
Let z(j) = j**3 - 5*j**2 + 4*j. Let g be z(4). Suppose 3*k - 95 = -x, g = -2*x - 2*x + 8. What are the prime factors of k?
31
Let j = -12 + 16. Suppose -j*m + 29 = -19. What are the prime factors of m?
2, 3
Let f(a) = -9*a - 10. What are the prime factors of f(-5)?
5, 7
Suppose -3*i = 3*y - 70 - 74, 3*y = i - 28. Suppose i = 5*b - 2*x - 12, 3*x = 0. What are the prime factors of b?
11
Let n = -146 + 247. List the prime factors of n.
101
Let x = 45 + -43. List the prime factors of x.
2
Let x(h) = 16*h**2 + 2. List the prime factors of x(2).
2, 3, 11
Suppose h - 5*h = -2*u - 16, 0 = -2*h + 5*u + 8. Suppose 5*w - h*w - 5 = 0. Suppose -2*v - j = -w*v + 29, -v + 28 = -4*j. What are the prime factors of v?
2
What are the prime factors of (-2)/12*(-36 - -6)?
5
Let x(u) = -4*u**2 - 2 + u**2 + 7*u + 2*u**2 + 7. Let m be x(7). Let v = m - -2. What are the prime factors of v?
7
Suppose 2*i + 17 = 5. Let u = 15 + i. What are the prime factors of u?
3
Let g = 4 - 1. Let n(t) = -t**2 - 3*t + 3. Let v be n(-3). Suppose -g*c + h + 43 = -0*h, 4*h - 53 = -v*c. List the prime factors of c.
3, 5
Suppose -24 = 3*i - 9*i. What are the prime factors of i?
2
Let l(b) = -b**2 + 8*b - 2. Let g be l(6). Let t = 30 - g. What are the prime factors of ((-5)/(-4))/(5/t)?
5
Let c(b) = b**3 + 7*b**2 + 2. Let t be c(-7). Suppose -7*y = -t*y - 80. List the prime factors of (-54)/4*y/(-12).
2, 3
Suppose -m + c = -5*m + 21, 4*m - c = 11. What are the prime factors of m?
2
Suppose -15*s = -11*s - 308. List the prime factors of s.
7, 11
Let z(c) = -c**3 + c**2 - c - 10. Let d be z(0). Let v = -6 - d. Let b = 12 + v. What are the prime factors of b?
2
Suppose -7 = -4*i + 2*i + k, 0 = -4*k + 12. Suppose i*a = 8*a - 84. List the prime factors of a.
2, 7
Let s(u) = 0*u + 1 - 1 - 3*u. What are the prime factors of s(-3)?
3
Let z = -28 + 10. Let o = -7 - z. Suppose 2*t - 11 - o = 0. List the prime factors of t.
11
Suppose 2*y - 21 = 3*y. List the prime factors of (-1)/3 - y/9.
2
